vided by 16.
8
What is the remainder when 130 is divided by 11?
9
Calculate the remainder when 5886 is divided by 184.
182
What is the remainder when 259 is divided by 24?
19
What is the remainder when 59 is divided by 10?
9
Calculate the remainder when 305 is divided by 105.
95
Calculate the remainder when 1424 is divided by 102.
98
What is the remainder when 194 is divided by 40?
34
What is the remainder when 53748 is divided by 86?
84
Calculate the remainder when 155 is divided by 18.
11
What is the remainder when 69 is divided by 11?
3
What is the remainder when 943 is divided by 26?
7
Calculate the remainder when 697 is divided by 225.
22
What is the remainder when 217 is divided by 21?
7
What is the remainder when 140 is divided by 63?
14
Calculate the remainder when 273 is divided by 11.
9
What is the remainder when 379 is divided by 75?
4
Calculate the remainder when 139 is divided by 29.
23
What is the remainder when 906 is divided by 9?
6
What is the remainder when 198 is divided by 55?
33
What is the remainder when 341 is divided by 170?
1
Calculate the remainder when 283 is divided by 37.
24
Calculate the remainder when 448 is divided by 75.
73
Calculate the remainder when 51449 is divided by 98.
97
Calculate the remainder when 460 is divided by 94.
84
What is the remainder when 1768 is divided by 61?
60
Calculate the remainder when 217 is divided by 74.
69
What is the remainder when 40 is divided by 19?
2
What is the remainder when 483 is divided by 27?
24
Calculate the remainder when 103 is divided by 103.
0
What is the remainder when 68 is divided by 22?
2
What is the remainder when 97 is divided by 71?
26
Calculate the remainder when 492 is divided by 159.
15
Calculate the remainder when 906 is divided by 101.
98
What is the remainder when 226 is divided by 143?
83
Calculate the remainder when 3600 is divided by 28.
16
Calculate the remainder when 1447 is divided by 9.
7
Calculate the remainder when 179 is divided by 85.
9
What is the remainder when 146 is divided by 115?
31
Calculate the remainder when 34 is divided by 26.
8
What is the remainder when 346 is divided by 44?
38
What is the remainder when 28 is divided by 13?
2
What is the remainder when 6038 is divided by 2010?
8
Calculate the remainder when 1816 is divided by 107.
104
Calculate the remainder when 76 is divided by 66.
10
Calculate the remainder when 988 is divided by 66.
64
What is the remainder when 10297 is divided by 15?
7
What is the remainder when 290 is divided by 57?
5
Calculate the remainder when 100 is divided by 17.
15
What is the remainder when 653 is divided by 324?
5
What is the remainder when 215 is divided by 24?
23
What is the remainder when 2104 is divided by 78?
76
What is the remainder when 70 is divided by 51?
19
Calculate the remainder when 271 is divided by 37.
12
Calculate the remainder when 137 is divided by 18.
11
Calculate the remainder when 8 is divided by 3.
2
What is the remainder when 2395 is divided by 48?
43
Calculate the remainder when 70 is divided by 10.
0
Calculate the remainder when 1271 is divided by 22.
17
What is the remainder when 125 is divided by 72?
53
Calculate the remainder when 394 is divided by 81.
70
What is the remainder when 261 is divided by 33?
30
What is the remainder when 100 is divided by 44?
12
Calculate the remainder when 564 is divided by 108.
24
Calculate the remainder when 1652 is divided by 12.
8
What is the remainder when 1051 is divided by 62?
59
What is the remainder when 191 is divided by 37?
6
Calculate the remainder when 753 is divided by 94.
1
Calculate the remainder when 2133 is divided by 7.
5
What is the remainder when 631 is divided by 69?
10
Calculate the remainder when 1799 is divided by 15.
14
What is the remainder when 325 is divided by 92?
49
What is the remainder when 536 is divided by 25?
11
What is the remainder when 1207 is divided by 203?
192
What is the remainder when 492 is divided by 29?
28
What is the remainder when 53 is divided by 14?
11
What is the remainder when 179 is divided by 91?
88
Calculate the remainder when 110 is divided by 44.
22
What is the remainder when 538 is divided by 136?
130
What is the remainder when 1397 is divided by 117?
110
What is the remainder when 552 is divided by 80?
72
Calculate the remainder when 122 is divided by 41.
40
What is the remainder when 677 is divided by 161?
33
Calculate the remainder when 591 is divided by 204.
183
Calculate the remainder when 167 is divided by 10.
7
Calculate the remainder when 126 is divided by 35.
21
What is the remainder when 305 is divided by 51?
50
What is the remainder when 656 is divided by 140?
96
What is the remainder when 608 is divided by 289?
30
Calculate the remainder when 1602 is divided by 558.
486
What is the remainder when 235 is divided by 10?
5
Calculate the remainder when 140 is divided by 9.
5
What is the remainder when 497 is divided by 60?
17
What is the remainder when 78 is divided by 17?
10
Calculate the remainder when 97 is divided by 42.
13
What is the remainder when 284 is divided by 22?
20
What is the remainder when 127 is divided by 42?
1
What is the remainder when 1941 is divided by 24?
21
What is the remainder when 13503 is divided by 2?
1
Calculate the remainder when 430 is divided by 57.
31
What is the remainder when 2604 is divided by 861?
21
What is the remainder when 238 is divided by 23?
8
What is the remainder when 73 is divided by 44?
29
What is the remainder when 117 is divided by 60?
57
Calculate the remainder when 119 is divided by 42.
35
What is the remainder when 2629 is divided by 94?
91
What is the remainder when 668 is divided by 217?
17
What is the remainder when 4521 is divided by 9?
3
What is the remainder when 18 is divided by 14?
4
Calculate the remainder when 3299 is divided by 12.
11
What is the remainder when 175 is divided by 43?
3
What is the remainder when 832 is divided by 170?
152
What is the remainder when 218 is divided by 73?
72
Calculate the remainder when 11969 is divided by 2989.
13
Calculate the remainder when 221 is divided by 28.
25
What is the remainder when 1256 is divided by 378?
122
Calculate the remainder when 157 is divided by 42.
31
What is the remainder when 6718 is divided by 20?
18
Calculate the remainder when 657 is divided by 110.
107
What is the remainder when 124 is divided by 18?
16
Calculate the remainder when 278 is divided by 6.
2
Calculate the remainder when 505 is divided by 113.
53
Calculate the remainder when 6816 is divided by 44.
40
What is the remainder when 204 is divided by 108?
96
What is the remainder when 777 is divided by 13?
10
Calculate the remainder when 1739 is divided by 125.
114
Calculate the remainder when 445 is divided by 394.
51
What is the remainder when 151 is divided by 73?
5
What is the remainder when 80 is divided by 12?
8
Calculate the remainder when 226 is divided by 23.
19
What is the remainder when 819 is divided by 20?
19
Calculate the remainder when 6898 is divided by 67.
64
What is the remainder when 1073 is divided by 43?
41
What is the remainder when 397 is divided by 79?
2
What is the remainder when 30 is divided by 18?
12
Calculate the remainder when 494 is divided by 26.
0
Calculate the remainder when 43 is divided by 24.
19
What is the remainder when 3 is divided by 2?
1
What is the remainder when 34 is divided by 23?
11
Calculate the remainder when 238 is divided by 49.
42
What is the remainder when 2834 is divided by 282?
14
Calculate the remainder when 555 is divided by 255.
45
Calculate the remainder when 470 is divided by 228.
14
What is the remainder when 205 is divided by 67?
4
What is the remainder when 58 is divided by 26?
6
Calculate the remainder when 627 is divided by 17.
15
What is the remainder when 22 is divided by 6?
4
What is the remainder when 1550 is divided by 74?
70
What is the remainder when 126 is divided by 26?
22
What is the remainder when 4587 is divided by 1525?
12
What is the remainder when 24 is divided by 6?
0
Calculate the remainder when 298 is divided by 20.
18
What is the remainder when 215 is divided by 117?
98
Calculate the remainder when 657 is divided by 173.
138
Calculate the remainder when 21 is divided by 11.
10
Calculate the remainder when 1